r - q*r. What is the units digit of r?
7
Suppose 173 = 8*p - 2947. Let l = 567 - p. What is the units digit of l?
7
Let j(k) = -k - 12. Let t be j(-15). Suppose 0 = -8*d + t*d + 2975. What is the tens digit of d?
9
Let h be (-4)/22 + (4 - (-112)/11). Let s(d) = d**3 - 14*d**2 + 12*d + 15. What is the hundreds digit of s(h)?
1
Let n be (9339/55 + -7)*(-5)/1. Let v = 1403 + n. What is the hundreds digit of v?
5
What is the tens digit of (3 + (-21)/9)*(-47940)/(-1)?
6
Suppose 25*w + 4 = 26*w. Let y be (12/3)/w - -67. Suppose 4*d - d - y = z, -5*z = 5*d - 140. What is the tens digit of d?
2
Suppose 393727 + 753289 = 35*l - 433654. What is the ten thousands digit of l?
4
Let k(o) = -2*o**2 + 12*o - 22. Let s be k(3). What is the tens digit of ((-26988)/390)/(s/10)?
7
Suppose 27*a = 26*a + 3767. Let l = -1243 + a. What is the tens digit of 18/(-117) - l/(-13)?
9
Let t(d) = 383*d**2 - 6*d - 4. Let i = -228 + 227. What is the units digit of t(i)?
5
Let y = 473 + -471. Suppose 1814 = 2*m - p + 2*p, 1814 = y*m - 5*p. What is the units digit of m?
7
Suppose -7*i = -1264 - 2369. Suppose -669 = -6*c + i. What is the tens digit of c?
9
Let g = -104 - 153. Let t = g - -786. What is the hundreds digit of t?
5
Suppose -50546 = -5*l - 3*i, -4*l + 3*i = -28798 - 11601. What is the thousands digit of l?
0
What is the units digit of -1*(-4)/(-8) + 326485/34?
2
Let b(v) = 24*v**2 + v - 2. Let g be b(1). Let d = g + -63. Let n = d - -70. What is the units digit of n?
0
Suppose -5*p - 6726 - 53654 = -4*g, -2*p = -3*g + 45278. Suppose -n - n - g = 0. What is the hundreds digit of (n/12)/(-5) + (-1)/(-4)?
1
Let v(j) = -j**3 + 3*j**2 + 9*j - 17. Let x be v(4). Suppose -4*g + 2098 = 2*d, x*g - 2*d - 1155 = 415. What is the tens digit of g?
2
Suppose -3*v - 5*x + 170 = 0, -3*v + 2*x + 113 + 71 = 0. Let p = -57 + v. Let w(b) = 44*b + 13. What is the units digit of w(p)?
5
Suppose 15 = 3*c, 26*c - 30*c - 2190 = -l. What is the hundreds digit of l?
2
Let h(t) = 9*t**2 + 5*t - 25. Let k be h(-17). Let q = k + -1591. What is the hundreds digit of q?
9
Suppose -3*b - 19 = -25. What is the hundreds digit of 315 + -29 - 2*b/(-2)?
2
What is the thousands digit of 717458/98 - 2/4*18?
7
Let d be ((-260)/(-40))/((-1)/(-2)). Suppose 14*q - 29 - d = 0. Suppose -i = q*h - 328, 96 = 3*h - 2*h - 3*i. What is the tens digit of h?
0
Suppose 4*k = f - k - 5827, 4*f - 23224 = -k. Let w = -3814 + f. What is the hundreds digit of w?
9
Suppose 8*g - 14 = -110. What is the tens digit of g/(-28) - (-13005)/35?
7
Let x = -102 + 106. Let l(j) = -12*j**2 - 3*j + 8. Let n be l(x). What is the units digit of (-1)/(-5 + 6) - n?
5
Let w(o) = 5*o**2 - 9*o - 42. Let a be w(15). Let b = 1578 - a. Suppose -b = -5*p + 215. What is the tens digit of p?
6
Suppose -2*l = -4*n + 70, 4*n = -1031*l + 1036*l + 67. Suppose -2*s + 5*z = -359, s + z - 4*z - 180 = 0. What is the tens digit of 6/n - s/(-9)?
2
Suppose 14*y + 143 = 45. What is the hundreds digit of 3/21 + (-6138)/y?
8
Let z(c) = -3263*c + 2557. What is the units digit of z(-9)?
4
Suppose -p - 2212 = -8*p. Let w = p - 136. Suppose -4*s = -v + w + 52, v - 5*s - 231 = 0. What is the units digit of v?
6
Suppose -37*y + 69*y - 569200 = -8*y. What is the units digit of y?
0
Suppose -a + 4187 = -5*z - 18041, 4*a + 5*z = 88862. What is the units digit of a?
8
Suppose 0 = -3*q + 4*s - 1183, -182 = 2*q + 3*s + 584. What is the units digit of 8/(-2) + 2 - q?
7
Suppose 0 = -0*k - 2*k + 6. Suppose -29*a = -28*a + 5*d - 1311, -3*d + 3885 = k*a. What is the tens digit of a?
9
Let a be 3/(-4) - ((-395)/20 + 8). Suppose 1749 + 1463 = a*u. What is the units digit of u?
2
Let o be 1*0/(10 + -5). Suppose 68*m - 60*m - 2304 = o. What is the tens digit of m?
8
What is the tens digit of 625353/69 + ((-40)/(-115))/(-4)?
6
Let m = 925 - 928. Let c(y) = 3*y**2 + 2*y - 5. Let z(p) = 4*p**2 + 2*p - 5. Let h(n) = -3*c(n) + 2*z(n). What is the units digit of h(m)?
2
Let n(i) = -2*i - 38. Let p be n(-12). What is the units digit of (-285)/(-35) - ((-4)/2)/p?
8
Let a(l) = -l + 6505. What is the hundreds digit of a(-64)?
5
Let w(r) = 87*r**3 + 4*r**2 + 5*r + 3. Let i be w(-1). What is the tens digit of (663/i)/(3/(-180))?
6
Suppose -716*t + 717*t = 267. Suppose -269*p = -t*p - 1102. What is the units digit of p?
1
Suppose 0 = g - 6*g + 15. Suppose 0*c + 2*m + 8 = 2*c, g*m + 22 = 5*c. Suppose c*h - 112 = 293. What is the tens digit of h?
8
Suppose 2*a = -3*a - 4*k + 1456, 0 = 4*a - 3*k - 1140. Suppose b + a = 2*b. What is the units digit of b?
8
Let y(z) = 7*z**3 + 210 - 213 + 42*z**3 + 2*z. What is the tens digit of y(2)?
9
Let o = -142 - -146. Suppose -v + 1016 = 5*f + 38, -o*v + 987 = 5*f. What is the hundreds digit of f?
1
Suppose -m - 2*j = -1813 - 5070, -m + 6886 = 5*j. What is the units digit of m?
1
Suppose -36*b - 8639 = -27143. What is the units digit of b?
4
Suppose 96 = -2*d + 106, -h + 8*d + 63172 = 0. What is the thousands digit of h?
3
Let w(r) = r**2 - 5*r - 109. Let f be w(13). Let d(u) = -42*u - 61. What is the hundreds digit of d(f)?
1
Let s be 2/(5/(-30) - 0). Let q(p) = -21*p - 89. What is the units digit of q(s)?
3
Let g(a) be the first derivative of -3*a**2 - 13*a + 12. Let b be g(-2). What is the units digit of 1/b*1*-82?
2
Let l = 16 - 19. Let i(m) = 4*m**2 + 2. Let f be i(l). Suppose 4*y - f = 158. What is the tens digit of y?
4
Let m(r) be the second derivative of -7*r**3/3 - 2*r. Let u(x) = x**3 - 8*x**2 + 7*x + 25. Let t be u(6). What is the tens digit of m(t)?
7
Let p = -29627 - -50312. What is the thousands digit of p?
0
Suppose 33*l - 32*l - 5745 = 2378. What is the thousands digit of l?
8
Let v(w) = -20*w**3 - 9*w**2 - 44*w - 227. What is the units digit of v(-7)?
0
Let w(f) = 614*f - 2236. What is the ten thousands digit of w(20)?
1
Let x(d) = 3*d**3 + d**2 + 2*d + 3. Let s be x(-2). Let g be (-3)/s*1 + 1674/42. Suppose -44*b = -g*b - 44. What is the tens digit of b?
1
Let h be (-35)/(-7) + (-4)/2. Suppose w + 2*l = 4*w - 412, -5*w + h*l = -686. Suppose w = 2*t - 3*s, 3*s - 272 = -4*t + s. What is the tens digit of t?
6
Suppose 7*x - 15 - 62 = 0. Let y(l) be the third derivative of -l**6/120 + 11*l**5/60 + 2*l**4/3 - 8*l**3/3 + 14*l**2. What is the hundreds digit of y(x)?
1
Let r(x) = 4*x**3 + x**2 + 15*x - 7. Let n be r(5). Suppose -4*y + 4*t + n = -79, 3*y + 5*t = 528. Let a = y + -10. What is the tens digit of a?
6
Let p be 7/(-7) + (0 - -1)*3376. Suppose p = -17*l + 26*l. What is the hundreds digit of l?
3
Let c(z) be the second derivative of -1/20*z**5 + 8/3*z**3 + 0*z**2 + 0 + 39*z + 5/6*z**4. What is the units digit of c(11)?
5
Let l = 433 + -422. Let n(d) = 2*d**3 - 13*d**2 - 14*d + 7. What is the hundreds digit of n(l)?
9
Suppose 5583821 - 3442719 = 286*d - 9432174. What is the units digit of d?
6
Let x be ((-2)/5)/(6/15). Let s(t) = -t. Let f(m) = -68*m + 1. Let c(y) = f(y) - 2*s(y). What is the tens digit of c(x)?
6
Let d(j) = j**3 + 14*j**2 - j - 11. Let m be d(-14). Suppose -m*c - 61 = -5*p, -2*p + 5*p - 39 = 3*c. What is the tens digit of (0 - -4)*187/p?
6
Let v(u) be the third derivative of 11*u**5/120 + 7*u**4/24 - 5*u**3/2 - 12*u**2. Let d(g) be the first derivative of v(g). What is the units digit of d(2)?
9
Let a = -128 - -130. Suppose -29*w = a*w - 5580. What is the tens digit of w?
8
Let r(g) = -g**2 + 8*g + 3. Let n be 1/((-2)/40 - 2/(-8)). Let k be r(n). Suppose -2*z + 4 + k = i, -3*i + 5*z = -33. What is the tens digit of i?
1
Suppose 2*j + 4 + 8 = 0. What is the tens digit of 1*(8 + j + 1750/2)?
7
Let k = 2335 - 602. Let t = k + -1059. What is the hundreds digit of t?
6
Suppose -18*k = -11*k - 56. Suppose -k*p - 84 = -20*p. Suppose 114 = p*f - 6*f. What is the units digit of f?
4
Let t = -18 + 70. Let f = 62 + t. What is the units digit of f?
4
Let f = 15203 + 2596. What is the units digit of f?
9
Suppose -9 = -46*c + 45*c. Suppose c*x - 3*x = 1446. What is the hundreds digit of x?
2
Suppose 0 = 20*v - 16*v - 704. Suppose 4*j - 464 = 4*a, -5*j - 102 = 2*a + 102. Let q = a + v. What is the units digit of q?
4
Let u be 70/21*3/2. Let b be (-4)/10 + 492/30. Suppose -u*g = -b + 1, 3*n = -g + 318. What is the hundreds digit of n?
1
Let t = 744 - 744. Suppose 0*a - 5*o = -4*a + 5575, t = 4*a + o - 5605. What is the hundreds digit of